Let o(s) be the second derivative of s**3/2 - 11*s**2 - s + 421. Determine o(-11).
-55
Suppose 15*c - 36 = 9. Let o(v) = 4*v + v + c + 4*v - 10*v. Let a(d) = 4*d - 11. Let n(s) = 2*a(s) + 9*o(s). What is n(-7)?
12
Let d(g) be the third derivative of -g**9/60480 + g**8/5040 + g**7/2520 + g**6/720 - 3*g**5/4 + 14*g**2. Let c(u) be the third derivative of d(u). Give c(4).
9
Let f be 4/18 + 195/(-27). Let g(o) be the second derivative of 1/20*o**5 + 2/3*o**4 + 5/6*o**3 - 4*o**2 + 60*o + 0. Give g(f).
6
Let f(j) = -3*j**2 - 14*j + 9. Suppose -3*n + 2290*t = 2293*t + 3, 0 = 2*n - 4*t + 20. Calculate f(n).
17
Let n(t) = -4*t**2 + 4*t + 1. Suppose p = -1 - 0, 0 = 5*r + 5*p - 5. Determine n(r).
-7
Suppose -2*q - 32 = 4*y, -2*y + 20 = -8*q + 3*q. Let b(d) be the third derivative of -d**4/12 - 2*d**3/3 + 42*d**2 + 2*d. Give b(q).
8
Let f(o) = o**2 - 9*o + 8. Suppose 1255 = 5*q + 5*h, 0 = -4*q + 3*q - 5*h + 239. Let l = q - 246. Give f(l).
0
Suppose -13*i = -6 - 20. Let k be i + (-9 + 10 - (1 - -1)). Let a(v) = 3*v**3 - 4*v**2 + 4*v - 1. Calculate a(k).
2
Let z be 34/(-6) - 12/(-18). Let u(d) = -d - 17. Let g be u(-19). Let q(b) = 9*b**g + b**3 - 13*b**2 + 6*b + 9*b**2 + 5 + b**2. What is q(z)?
0
Let g(h) be the third derivative of -h**4/8 - 2*h**3 - 6*h**2. Let v = 1810 - 1815. What is g(v)?
3
Suppose -6*w + g + 71 = 0, 0 = 3*w + 9*g - 11*g - 43. Let t(x) = -x**3 + 12*x**2 - 7*x - 49. What is t(w)?
-5
Let m(g) = g**2 + 5*g + 2. Let p be m(-6). Suppose -3*c - p = -2, 2*a - 30 = 2*c. Let n(s) = -s**2 + 11*s + 19. Calculate n(a).
-7
Let w(z) = -z**2 + 5*z - 6. Let h be w(1). Let p(r) = -54*r**2 + 106*r**2 + 3*r - 50*r**2. Calculate p(h).
2
Let a(t) be the first derivative of t**2/2 + 3*t - 864. Calculate a(-5).
-2
Let h(z) = z**3 - z**2 - 3*z + 4. Suppose 46*n + 47 - 185 = 0. Calculate h(n).
13
Let s(l) be the second derivative of -l**5/20 + l**4/8 + l**3/6 - 49*l**2 + 13*l - 3. Let g(x) be the first derivative of s(x). Give g(3).
-17
Let u(l) = l**2 + 34*l + 60. Suppose -31*c - 253 - 497 - 273 = 0. What is u(c)?
27
Let y(z) = z**3 + 42*z**2 + 43*z + 69. Let x be y(-41). Let q(p) = 3*p + 17. What is q(x)?
-22
Let p(s) = 130 + s**3 - 263 - 3*s + 2*s - 7*s - 6*s**2 + 124. Let t = 17 + -26. Let a(n) = n**2 + 8*n - 2. Let o be a(t). Determine p(o).
-16
Let n(g) = -g**2 + 13*g - 4. Let b be (-117)/26*-4*7. Suppose 31*q - 277 = b. Calculate n(q).
-4
Let j(z) be the first derivative of z**3/6 + z**2/2 - 2*z + 4. Let v(y) be the first derivative of j(y). Let n be 1*((-84)/1)/(-12). Give v(n).
8
Let r(q) = -q**2 - 21*q + 12*q - 5*q + 28 + 23*q. Determine r(11).
6
Let o(s) = -s**3 + 5*s**2 - 5*s + 1. Let y be o(2). Let n(t) = 61*t**2 + 7 + 6*t - 54*t**2 + 4*t**y - 3*t**3. Let i = -781 - -775. What is n(i)?
7
Let b(o) = 3*o - 18. Let r be b(7). Suppose r*s - 8*s = -4*s. Let f(c) = -c**3 - 112*c + 3 + s*c**3 + 4*c**2 + 111*c - 4. Calculate f(4).
-5
Let c(n) be the second derivative of n**5/20 - 7*n**4/12 + 5*n**3/3 - 6*n**2 + 186*n. Give c(6).
12
Suppose -8*v + 20 = -19*v + 64. Let y(d) be the second derivative of -20*d + 1/12*d**v + 7/6*d**3 + 0 + 3*d**2. What is y(-5)?
-4
Let h(a) = a - 3. Let f(u) = -u**2 + 7*u - 4. Let v be f(5). Suppose 0 = -g + 2*i - 5*i + v, 4*g - 8 = -4*i. Determine h(g).
-3
Let g(t) = -3*t - 20. Let d(c) = -9 - 6*c - 7*c + 19*c - 7*c. Let h(m) = 5*d(m) - 2*g(m). What is h(7)?
2
Suppose -u - 2 = 3*o, 5*o - 29 + 51 = u. Let c(g) = -2*g**2 + 14*g - 6 + 1 - 1. Calculate c(u).
-6
Suppose -7*q - q + 560 = 0. Let n = q - 68. Let g(m) = 14 - 4 + m**n - 6*m + 0 - 6*m. Determine g(11).
-1
Let f(a) = -393*a + 1567*a - 372*a - 386*a - 375 - 389*a. Calculate f(14).
3
Let r(z) = -z**2 - 7*z + 8. Let a(p) = -2*p**3 - 7*p**2 + 88*p - 10. Let v be a(5). Determine r(v).
-52
Let q(n) = -5*n - 4. Let z(w) = 15*w + 275. Let u be z(-19). Give q(u).
46
Let v be -43*3/(-7) - (-78)/(-182). Let n(h) = -h + h + v - 16 - 2*h. Calculate n(-2).
6
Let r(t) = -t**3 - 10*t**2 - 7*t + 6. Suppose 4*a + 52 = -4*q, 5*a + 47 = -4*q + q. Determine r(q).
-12
Let g = -15020 + 15015. Let w(p) = p**3 + 2*p**2 - 16*p - 13. Determine w(g).
-8
Let l(k) = -12*k - 3. Let x(m) = m**3 - 7*m**2 - 3*m - 33. Let n be x(8). Calculate l(n).
-87
Let m(b) = 5*b - 97. Let s(q) = 5*q - 99. Let n(d) = -6*m(d) + 7*s(d). Let z be n(21). Let g(x) = x**3 + 6*x**2 + 8*x + 7. Give g(z).
-41
Let n(v) be the second derivative of v**5/20 + v**3/2 - v**2 + 2*v. Let j be ((-45)/216*8)/(5/(-6)). Give n(j).
12
Let v(i) = 2*i - 5. Let z(g) = g + 1. Let l(u) = v(u) - 4*z(u). Let q(n) = n**3 - 86*n**2 + 1448*n + 16. Let m be q(23). Calculate l(m).
5
Let r(w) = -50 + 4*w**2 - 17*w**2 - 7*w**2 - w**2 - 9*w**2. Let y(f) = -17*f**2 - 25. Let c(o) = -4*r(o) + 7*y(o). What is c(0)?
25
Let y(z) = -9*z**2 - z. Suppose 0 = 19*x - 45*x + 78. Suppose x*g = -55 + 52. What is y(g)?
-8
Suppose -3*d + 5*d - 536 = 0. Suppose d = 3*q + 259. Let l(k) = -3*k + 3. Give l(q).
-6
Let i(l) = -l**3 - 7*l**2 + 15*l - 17. Let z be ((-9)/(-24) - 14522/2544)/(2/3). What is i(z)?
-73
Let n(o) = -o**2 - 5*o - 1. Let w(q) be the second derivative of 4*q**3/3 - 7*q**2 + 4*q. Let d be w(3). Let c be d*2/(-4)*1. What is n(c)?
-1
Let h(t) = t**3 - t**2 + 2*t + 7. Suppose x = 4, -g - 12 = 8*x - 44. Give h(g).
7
Let u(b) = -2*b + 17. Suppose 3*s = 3*j - 24, -4*s = -4092*j + 4087*j + 30. Calculate u(s).
37
Let o be 12/8*-4 + 5. Let g(m) = -9*m - 4. Let j(t) = -1. Let w(b) = o*g(b) + 3*j(b). What is w(1)?
10
Let t be (-16)/(-2) - 24/(-42)*-7. Let f(j) = j**3 + 10*j**2 - 10*j + 6. Let o(n) = 1. Let q(h) = t*o(h) - f(h). Calculate q(-11).
9
Let i(l) be the third derivative of l**9/60480 - l**8/1680 + l**6/72 - l**5/3 + 163*l**2. Let b(k) be the third derivative of i(k). What is b(12)?
10
Let a(r) = -2 + 2*r - 4 - 2. Let v be 1*19 + (23 - (59 - (28 + -4))). Determine a(v).
6
Let m(p) = -17*p + 150. Suppose 191*b - 362 = -44 + 1401. Give m(b).
-3
Let x(c) = -c**3 + 14*c**2 - 17*c + 15. Let p be x(13). Let r = p + -97. Let o = -133 - r. Let l(n) = -n**2 + n - 1. Calculate l(o).
-1
Let o be (-4)/(-2)*12/4. Suppose o*p = -p + 119. Let x(i) = -i + 9 + p - i**2 - 25. What is x(-3)?
-5
Let x(r) = 4*r + 10. Let i = 1736 - 1740. Give x(i).
-6
Let g(z) = 7*z + 16. Let m(a) = 16*a + 34. Let x(w) = -9*g(w) + 4*m(w). Suppose -3 = n - 12. What is x(n)?
1
Let v(x) = -2*x**2 + x**2 + 6*x - 1 + 2*x**2. Suppose 27*o + 462 = -50*o. What is v(o)?
-1
Let v(c) = -c**3 - 15*c**2 - 15*c - 14. Let a = -515 - -523. Suppose 42 = 5*b - a*b. Give v(b).
0
Let j be 1 + 108/(-84) + (-220)/(-35). Let x(u) = -u**3 + 9*u**2 - 15*u + 7. What is x(j)?
25
Let z = -72044 - -72051. Let f(m) = -3*m**3 + 9*m**2 + m + 3. Let v(r) = -10*r**3 + 28*r**2 + 4*r + 9. Let k(s) = 7*f(s) - 2*v(s). Give k(z).
-4
Let n(g) = g**3 + 8*g**2 + 5*g - 4. Suppose b - 8 = 3*h, 21*h - 23*h - 3*b + 2 = 0. Determine n(h).
10
Let y(h) be the first derivative of -7*h**3/3 - 219*h + 215. Let f(n) be the first derivative of y(n). Calculate f(-3).
42
Let f = -148 + 209. Let v(a) = -7*a + f*a - 48*a + a**2. Let l(d) = d + 6. Let o be l(-9). Determine v(o).
-9
Let r be 18/12*(-202)/(-1). Let z(t) = r*t**2 + 301*t**2 + 0*t**3 + 5 - 600*t**2 + t**3 + 4*t. Determine z(-4).
-11
Let c(y) be the second derivative of 4*y**3/3 - 5*y**2 + 3*y - 773. Give c(9).
62
Let l(u) = 3*u - 76. Suppose -2700 = -89*w - 11*w. Calculate l(w).
5
Let y = -198 - -240. Suppose 37*z - y*z + 20 = 0. Let l(d) = -8*d - 1. Determine l(z).
-33
Let y(i) be the third derivative of 7*i**4/24 + 14*i**3/3 - i**2 + 502. Give y(-5).
-7
Let l(b) = 2*b + 0*b + 328*b**2 + b - 4*b - 380*b**2. What is l(-1)?
-51
Let p(x) be the first derivative of 1 + 4*x**2 - 1/60*x**5 - x**3 - 1/4*x**4 + 0*x. Let n(r) be the second derivative of p(r). Determine n(-4).
2
Let x(c) = -c - 79 + 29 + 25 + 27*c**3 + 24 + c**2 + 0*c. Let q(o) be the second derivative of -o**3/2 + 5*o**2/2 - 7*o. Let d be q(2). What is x(d)?
-26
Let w be (-2)/((-28)/(-28) - (-3)/(-2)). Let n(q) = -3*q - w*q + 6*q. Determine n(-8).
8
Let d(s) = 4 + s - 5*s + 3*s. Let p = 77091 - 77095. What is d(p)?
8
Let s(r) = 6*r - 1. Let n be 41/82 - 14/(-4). Suppose -n*v + 2 - 6 = 0. Calculate s(v).
-7
Let j = 17462 - 17505. Let l(b) = -2*b**3 - 85*b**2 + 43*b - 3. Calculate l(j).
-3
Suppose 7 + 2 = 4*f - z, -f = 2*z - 9